{"id":675,"date":"2023-04-12T18:06:24","date_gmt":"2023-04-12T18:06:24","guid":{"rendered":"http:\/\/fussball.tsv-westerstetten.de\/?page_id=675"},"modified":"2023-12-01T17:57:49","modified_gmt":"2023-12-01T17:57:49","slug":"a-junioren","status":"publish","type":"page","link":"http:\/\/fussball.tsv-westerstetten.de\/?page_id=675","title":{"rendered":"A-Junioren"},"content":{"rendered":"\n<p><strong><strong>SGM BeWeLo \u2013 Bermaringen<\/strong><\/strong><\/p>\n\n\n\n<p>Jahrg\u00e4nge 2005 \u2013 2006<\/p>\n\n\n\n<figure class=\"wp-block-image size-large\"><img loading=\"lazy\" width=\"1024\" height=\"576\" src=\"http:\/\/fussball.tsv-westerstetten.de\/wp-content\/uploads\/2023\/11\/A-Jugend-Mannschaftsbild-1024x576.jpg\" alt=\"\" class=\"wp-image-796\" srcset=\"http:\/\/fussball.tsv-westerstetten.de\/wp-content\/uploads\/2023\/11\/A-Jugend-Mannschaftsbild-1024x576.jpg 1024w, http:\/\/fussball.tsv-westerstetten.de\/wp-content\/uploads\/2023\/11\/A-Jugend-Mannschaftsbild-300x169.jpg 300w, http:\/\/fussball.tsv-westerstetten.de\/wp-content\/uploads\/2023\/11\/A-Jugend-Mannschaftsbild-768x432.jpg 768w, http:\/\/fussball.tsv-westerstetten.de\/wp-content\/uploads\/2023\/11\/A-Jugend-Mannschaftsbild.jpg 1378w\" sizes=\"(max-width: 1024px) 100vw, 1024px\" \/><figcaption><strong>Spieler:<br><\/strong>Adrian Fetzer, Adrian Micanovic, Claudio Schmid, Cornelius D\u00fcrr, David Hozlinger, Ferdinand Krau\u00df, Francesco Ganci, Jannik Stange, Kim G\u00f6rnemann, Levin Tropp, Luca Kranawetter, Luka Baca, Maik Kuhn, Marc Stammler, Matteo H\u00f6he, Matthias Neidlinger, Max Mattheis, Vargas Schwiede, Alejandro Miguel, Murat Kursun, Paul Widmann, Samuel Pfetsch, Sebastian Bolek, Stefan H\u00e4rtel, Tudor Fiilesi, Walid Nakkar<\/figcaption><\/figure>\n\n\n\n<p><strong>Training:<\/strong><br><em>Sommer:<\/em><br>Montag und Mittwoch 19:00 Uhr &#8211; 20:30 Uhr im monatlichen Wechsel auf dem Sportplatz in Westerstetten und Bermaringen.<\/p>\n\n\n\n<p><em>Winter:<\/em><br>Mittwoch 18:30 \u2013 20:30 Uhr in der Halle in Beimerstetten.<\/p>\n\n\n\n<p><\/p>\n\n\n\n<p><strong>Trainer<\/strong><\/p>\n\n\n\n<div class=\"wp-block-image is-style-rounded\"><figure class=\"alignleft size-full is-resized\"><img loading=\"lazy\" src=\"http:\/\/fussball.tsv-westerstetten.de\/wp-content\/uploads\/2023\/12\/Spieler-Vorstand-Trainer_mit-Wappen67.jpg\" alt=\"\" class=\"wp-image-866\" width=\"138\" height=\"161\"\/><figcaption><strong>Steffen D\u00e4umler<\/strong><br><strong>Trainer<\/strong><\/figcaption><\/figure><\/div>\n\n\n\n<div class=\"wp-block-image is-style-rounded\"><figure class=\"alignleft size-full is-resized\"><img loading=\"lazy\" src=\"http:\/\/fussball.tsv-westerstetten.de\/wp-content\/uploads\/2023\/12\/Spieler-Vorstand-Trainer_mit-Wappen68.jpg\" alt=\"\" class=\"wp-image-864\" width=\"137\" height=\"159\"\/><figcaption><strong>Nico Missel<\/strong><br><strong>Co-Trainer<\/strong><br>Tel.: 0176\/56986567<\/figcaption><\/figure><\/div>\n\n\n\n<div class=\"wp-block-image is-style-rounded\"><figure class=\"alignleft size-thumbnail is-resized\"><img loading=\"lazy\" src=\"http:\/\/fussball.tsv-westerstetten.de\/wp-content\/uploads\/2023\/11\/Spieler-Vorstand-Trainer_mit-Wappen69-150x150.jpg\" alt=\"\" class=\"wp-image-801\" width=\"141\" height=\"164\"\/><figcaption><strong>Moriz Feyock<\/strong><br><strong>Co-Trainer<\/strong><br><\/figcaption><\/figure><\/div>\n\n\n\n<div class=\"wp-block-image is-style-rounded\"><figure class=\"alignleft size-full is-resized\"><img loading=\"lazy\" src=\"http:\/\/fussball.tsv-westerstetten.de\/wp-content\/uploads\/2023\/12\/Spieler-Vorstand-Trainer_mit-Wappen70.jpg\" alt=\"\" class=\"wp-image-865\" width=\"140\" height=\"162\"\/><figcaption><strong>Hans Fetzer<\/strong><br><strong>Betreuer<br><\/strong><\/figcaption><\/figure><\/div>\n\n\n\n<p><\/p>\n","protected":false},"excerpt":{"rendered":"<p>SGM BeWeLo \u2013 Bermaringen Jahrg\u00e4nge 2005 \u2013 2006 Training:Sommer:Montag und Mittwoch 19:00 Uhr &#8211; 20:30 Uhr im monatlichen Wechsel auf dem Sportplatz in Westerstetten und Bermaringen. Winter:Mittwoch 18:30 \u2013 20:30 Uhr in der Halle in Beimerstetten. Trainer<\/p>\n","protected":false},"author":1,"featured_media":532,"parent":13,"menu_order":0,"comment_status":"closed","ping_status":"closed","template":"","meta":[],"_links":{"self":[{"href":"http:\/\/fussball.tsv-westerstetten.de\/index.php?rest_route=\/wp\/v2\/pages\/675"}],"collection":[{"href":"http:\/\/fussball.tsv-westerstetten.de\/index.php?rest_route=\/wp\/v2\/pages"}],"about":[{"href":"http:\/\/fussball.tsv-westerstetten.de\/index.php?rest_route=\/wp\/v2\/types\/page"}],"author":[{"embeddable":true,"href":"http:\/\/fussball.tsv-westerstetten.de\/index.php?rest_route=\/wp\/v2\/users\/1"}],"replies":[{"embeddable":true,"href":"http:\/\/fussball.tsv-westerstetten.de\/index.php?rest_route=%2Fwp%2Fv2%2Fcomments&post=675"}],"version-history":[{"count":11,"href":"http:\/\/fussball.tsv-westerstetten.de\/index.php?rest_route=\/wp\/v2\/pages\/675\/revisions"}],"predecessor-version":[{"id":868,"href":"http:\/\/fussball.tsv-westerstetten.de\/index.php?rest_route=\/wp\/v2\/pages\/675\/revisions\/868"}],"up":[{"embeddable":true,"href":"http:\/\/fussball.tsv-westerstetten.de\/index.php?rest_route=\/wp\/v2\/pages\/13"}],"wp:featuredmedia":[{"embeddable":true,"href":"http:\/\/fussball.tsv-westerstetten.de\/index.php?rest_route=\/wp\/v2\/media\/532"}],"wp:attachment":[{"href":"http:\/\/fussball.tsv-westerstetten.de\/index.php?rest_route=%2Fwp%2Fv2%2Fmedia&parent=675"}],"curies":[{"name":"wp","href":"https:\/\/api.w.org\/{rel}","templated":true}]}}

<p><strong><strong>SGM BeWeLo – Bermaringen</strong></strong></p>



<p>Jahrgänge 2005 – 2006</p>



<figure class="wp-block-image size-large"><img loading="lazy" width="1024" height="576" src="http://fussball.tsv-westerstetten.de/wp-content/uploads/2023/11/A-Jugend-Mannschaftsbild-1024x576.jpg" alt="" class="wp-image-796" srcset="http://fussball.tsv-westerstetten.de/wp-content/uploads/2023/11/A-Jugend-Mannschaftsbild-1024x576.jpg 1024w, http://fussball.tsv-westerstetten.de/wp-content/uploads/2023/11/A-Jugend-Mannschaftsbild-300x169.jpg 300w, http://fussball.tsv-westerstetten.de/wp-content/uploads/2023/11/A-Jugend-Mannschaftsbild-768x432.jpg 768w, http://fussball.tsv-westerstetten.de/wp-content/uploads/2023/11/A-Jugend-Mannschaftsbild.jpg 1378w" sizes="(max-width: 1024px) 100vw, 1024px" /><figcaption><strong>Spieler:<br></strong>Adrian Fetzer, Adrian Micanovic, Claudio Schmid, Cornelius Dürr, David Hozlinger, Ferdinand Krauß, Francesco Ganci, Jannik Stange, Kim Görnemann, Levin Tropp, Luca Kranawetter, Luka Baca, Maik Kuhn, Marc Stammler, Matteo Höhe, Matthias Neidlinger, Max Mattheis, Vargas Schwiede, Alejandro Miguel, Murat Kursun, Paul Widmann, Samuel Pfetsch, Sebastian Bolek, Stefan Härtel, Tudor Fiilesi, Walid Nakkar</figcaption></figure>



<p><strong>Training:</strong><br><em>Sommer:</em><br>Montag und Mittwoch 19:00 Uhr &#8211; 20:30 Uhr im monatlichen Wechsel auf dem Sportplatz in Westerstetten und Bermaringen.</p>



<p><em>Winter:</em><br>Mittwoch 18:30 – 20:30 Uhr in der Halle in Beimerstetten.</p>



<p></p>



<p><strong>Trainer</strong></p>



<div class="wp-block-image is-style-rounded"><figure class="alignleft size-full is-resized"><img loading="lazy" src="http://fussball.tsv-westerstetten.de/wp-content/uploads/2023/12/Spieler-Vorstand-Trainer_mit-Wappen67.jpg" alt="" class="wp-image-866" width="138" height="161"/><figcaption><strong>Steffen Däumler</strong><br><strong>Trainer</strong></figcaption></figure></div>



<div class="wp-block-image is-style-rounded"><figure class="alignleft size-full is-resized"><img loading="lazy" src="http://fussball.tsv-westerstetten.de/wp-content/uploads/2023/12/Spieler-Vorstand-Trainer_mit-Wappen68.jpg" alt="" class="wp-image-864" width="137" height="159"/><figcaption><strong>Nico Missel</strong><br><strong>Co-Trainer</strong><br>Tel.: 0176/56986567</figcaption></figure></div>



<div class="wp-block-image is-style-rounded"><figure class="alignleft size-thumbnail is-resized"><img loading="lazy" src="http://fussball.tsv-westerstetten.de/wp-content/uploads/2023/11/Spieler-Vorstand-Trainer_mit-Wappen69-150x150.jpg" alt="" class="wp-image-801" width="141" height="164"/><figcaption><strong>Moriz Feyock</strong><br><strong>Co-Trainer</strong><br></figcaption></figure></div>



<div class="wp-block-image is-style-rounded"><figure class="alignleft size-full is-resized"><img loading="lazy" src="http://fussball.tsv-westerstetten.de/wp-content/uploads/2023/12/Spieler-Vorstand-Trainer_mit-Wappen70.jpg" alt="" class="wp-image-865" width="140" height="162"/><figcaption><strong>Hans Fetzer</strong><br><strong>Betreuer<br></strong></figcaption></figure></div>



<p></p>

<p>SGM BeWeLo – Bermaringen Jahrgänge 2005 – 2006 Training:Sommer:Montag und Mittwoch 19:00 Uhr &#8211; 20:30 Uhr im monatlichen Wechsel auf dem Sportplatz in Westerstetten und Bermaringen. Winter:Mittwoch 18:30 – 20:30 Uhr in der Halle in Beimerstetten. Trainer</p>
