{"id":667,"date":"2023-04-12T17:31:48","date_gmt":"2023-04-12T17:31:48","guid":{"rendered":"http:\/\/fussball.tsv-westerstetten.de\/?page_id=667"},"modified":"2023-11-04T12:32:26","modified_gmt":"2023-11-04T12:32:26","slug":"e2-junioren","status":"publish","type":"page","link":"http:\/\/fussball.tsv-westerstetten.de\/?page_id=667","title":{"rendered":"E2-Junioren"},"content":{"rendered":"\n<p><strong>SGM BeWeLo<\/strong><\/p>\n\n\n\n<p>Jahrg\u00e4nge 2014<\/p>\n\n\n\n<figure class=\"wp-block-image size-large\"><img loading=\"lazy\" width=\"1024\" height=\"768\" src=\"http:\/\/fussball.tsv-westerstetten.de\/wp-content\/uploads\/2023\/11\/E2-Mannschaft-1024x768.jpg\" alt=\"\" class=\"wp-image-745\" srcset=\"http:\/\/fussball.tsv-westerstetten.de\/wp-content\/uploads\/2023\/11\/E2-Mannschaft-1024x768.jpg 1024w, http:\/\/fussball.tsv-westerstetten.de\/wp-content\/uploads\/2023\/11\/E2-Mannschaft-300x225.jpg 300w, http:\/\/fussball.tsv-westerstetten.de\/wp-content\/uploads\/2023\/11\/E2-Mannschaft-768x576.jpg 768w, http:\/\/fussball.tsv-westerstetten.de\/wp-content\/uploads\/2023\/11\/E2-Mannschaft.jpg 1229w\" sizes=\"(max-width: 1024px) 100vw, 1024px\" \/><figcaption><strong>Spieler:<\/strong><br>Finn Kalder, Artur Stotz, Elija Hirsm\u00fcller, Semih \u00d6zt\u00fcrk, Ensar Kastrati, Jonas Benesch, Jano G\u00e4rtner, Jakob Richter, Philip Baur, Leon Bittmann, Lauri Kirschmer, Eli Miller, Paul Sp\u00e4th, Kiril Wirt, Luca Hascher<\/figcaption><\/figure>\n\n\n\n<p><strong>Training:<\/strong><br><em>Sommer:<\/em><br>Montag und Mittwoch von 17:00 Uhr \u2013 18:30 Uhr in Lonsee auf dem Salachberg.<\/p>\n\n\n\n<p><em>Winter:<\/em><br>Mittwoch 17:30 \u2013 19:00 Uhr in der Halle in Westerstetten.<\/p>\n\n\n\n<p><\/p>\n\n\n\n<p><strong>Trainer<\/strong><\/p>\n\n\n\n<figure class=\"wp-block-image size-full is-style-rounded\"><img loading=\"lazy\" width=\"198\" height=\"198\" src=\"http:\/\/fussball.tsv-westerstetten.de\/wp-content\/uploads\/2023\/11\/Kai-Hascher-e1666464711270.jpg\" alt=\"\" class=\"wp-image-748\" srcset=\"http:\/\/fussball.tsv-westerstetten.de\/wp-content\/uploads\/2023\/11\/Kai-Hascher-e1666464711270.jpg 198w, http:\/\/fussball.tsv-westerstetten.de\/wp-content\/uploads\/2023\/11\/Kai-Hascher-e1666464711270-150x150.jpg 150w\" sizes=\"(max-width: 198px) 100vw, 198px\" \/><figcaption><strong>Kai Hascher<\/strong><br>Tel.: 0170\/1880251<\/figcaption><\/figure>\n","protected":false},"excerpt":{"rendered":"<p>SGM BeWeLo Jahrg\u00e4nge 2014 Training:Sommer:Montag und Mittwoch von 17:00 Uhr \u2013 18:30 Uhr in Lonsee auf dem Salachberg. Winter:Mittwoch 17:30 \u2013 19:00 Uhr in der Halle in Westerstetten. Trainer<\/p>\n","protected":false},"author":1,"featured_media":307,"parent":13,"menu_order":0,"comment_status":"closed","ping_status":"closed","template":"","meta":[],"_links":{"self":[{"href":"http:\/\/fussball.tsv-westerstetten.de\/index.php?rest_route=\/wp\/v2\/pages\/667"}],"collection":[{"href":"http:\/\/fussball.tsv-westerstetten.de\/index.php?rest_route=\/wp\/v2\/pages"}],"about":[{"href":"http:\/\/fussball.tsv-westerstetten.de\/index.php?rest_route=\/wp\/v2\/types\/page"}],"author":[{"embeddable":true,"href":"http:\/\/fussball.tsv-westerstetten.de\/index.php?rest_route=\/wp\/v2\/users\/1"}],"replies":[{"embeddable":true,"href":"http:\/\/fussball.tsv-westerstetten.de\/index.php?rest_route=%2Fwp%2Fv2%2Fcomments&post=667"}],"version-history":[{"count":5,"href":"http:\/\/fussball.tsv-westerstetten.de\/index.php?rest_route=\/wp\/v2\/pages\/667\/revisions"}],"predecessor-version":[{"id":781,"href":"http:\/\/fussball.tsv-westerstetten.de\/index.php?rest_route=\/wp\/v2\/pages\/667\/revisions\/781"}],"up":[{"embeddable":true,"href":"http:\/\/fussball.tsv-westerstetten.de\/index.php?rest_route=\/wp\/v2\/pages\/13"}],"wp:featuredmedia":[{"embeddable":true,"href":"http:\/\/fussball.tsv-westerstetten.de\/index.php?rest_route=\/wp\/v2\/media\/307"}],"wp:attachment":[{"href":"http:\/\/fussball.tsv-westerstetten.de\/index.php?rest_route=%2Fwp%2Fv2%2Fmedia&parent=667"}],"curies":[{"name":"wp","href":"https:\/\/api.w.org\/{rel}","templated":true}]}}

<p><strong>SGM BeWeLo</strong></p>



<p>Jahrgänge 2014</p>



<figure class="wp-block-image size-large"><img loading="lazy" width="1024" height="768" src="http://fussball.tsv-westerstetten.de/wp-content/uploads/2023/11/E2-Mannschaft-1024x768.jpg" alt="" class="wp-image-745" srcset="http://fussball.tsv-westerstetten.de/wp-content/uploads/2023/11/E2-Mannschaft-1024x768.jpg 1024w, http://fussball.tsv-westerstetten.de/wp-content/uploads/2023/11/E2-Mannschaft-300x225.jpg 300w, http://fussball.tsv-westerstetten.de/wp-content/uploads/2023/11/E2-Mannschaft-768x576.jpg 768w, http://fussball.tsv-westerstetten.de/wp-content/uploads/2023/11/E2-Mannschaft.jpg 1229w" sizes="(max-width: 1024px) 100vw, 1024px" /><figcaption><strong>Spieler:</strong><br>Finn Kalder, Artur Stotz, Elija Hirsmüller, Semih Öztürk, Ensar Kastrati, Jonas Benesch, Jano Gärtner, Jakob Richter, Philip Baur, Leon Bittmann, Lauri Kirschmer, Eli Miller, Paul Späth, Kiril Wirt, Luca Hascher</figcaption></figure>



<p><strong>Training:</strong><br><em>Sommer:</em><br>Montag und Mittwoch von 17:00 Uhr – 18:30 Uhr in Lonsee auf dem Salachberg.</p>



<p><em>Winter:</em><br>Mittwoch 17:30 – 19:00 Uhr in der Halle in Westerstetten.</p>



<p></p>



<p><strong>Trainer</strong></p>



<figure class="wp-block-image size-full is-style-rounded"><img loading="lazy" width="198" height="198" src="http://fussball.tsv-westerstetten.de/wp-content/uploads/2023/11/Kai-Hascher-e1666464711270.jpg" alt="" class="wp-image-748" srcset="http://fussball.tsv-westerstetten.de/wp-content/uploads/2023/11/Kai-Hascher-e1666464711270.jpg 198w, http://fussball.tsv-westerstetten.de/wp-content/uploads/2023/11/Kai-Hascher-e1666464711270-150x150.jpg 150w" sizes="(max-width: 198px) 100vw, 198px" /><figcaption><strong>Kai Hascher</strong><br>Tel.: 0170/1880251</figcaption></figure>

<p>SGM BeWeLo Jahrgänge 2014 Training:Sommer:Montag und Mittwoch von 17:00 Uhr – 18:30 Uhr in Lonsee auf dem Salachberg. Winter:Mittwoch 17:30 – 19:00 Uhr in der Halle in Westerstetten. Trainer</p>
