{"id":651,"date":"2023-04-12T17:15:44","date_gmt":"2023-04-12T17:15:44","guid":{"rendered":"http:\/\/fussball.tsv-westerstetten.de\/?page_id=651"},"modified":"2023-11-04T13:38:18","modified_gmt":"2023-11-04T13:38:18","slug":"d1-junioren","status":"publish","type":"page","link":"http:\/\/fussball.tsv-westerstetten.de\/?page_id=651","title":{"rendered":"D1-Junioren"},"content":{"rendered":"\n<p><strong>SGM BeWeLo<\/strong><\/p>\n\n\n\n<p>Jahrgang 2011<\/p>\n\n\n\n<figure class=\"wp-block-image size-large\"><img loading=\"lazy\" width=\"1024\" height=\"768\" src=\"http:\/\/fussball.tsv-westerstetten.de\/wp-content\/uploads\/2023\/11\/D1-Mannschaft-1024x768.jpg\" alt=\"\" class=\"wp-image-763\" srcset=\"http:\/\/fussball.tsv-westerstetten.de\/wp-content\/uploads\/2023\/11\/D1-Mannschaft-1024x768.jpg 1024w, http:\/\/fussball.tsv-westerstetten.de\/wp-content\/uploads\/2023\/11\/D1-Mannschaft-300x225.jpg 300w, http:\/\/fussball.tsv-westerstetten.de\/wp-content\/uploads\/2023\/11\/D1-Mannschaft-768x576.jpg 768w, http:\/\/fussball.tsv-westerstetten.de\/wp-content\/uploads\/2023\/11\/D1-Mannschaft.jpg 1210w\" sizes=\"(max-width: 1024px) 100vw, 1024px\" \/><figcaption><strong>Spieler:<br><\/strong>Lukas Meyer, Levin Maier, Linus Bek, Luis Maneew, Furkan Yavuz, Niklas Lisdorf, Nick Apaydin, Arda K\u00f6ksal, G\u00f6kay \u00d6celik, Paul Hanschke, Simon Vetter, Stefan B\u00fcckle, Mailik Tan, Ilay Preising, Mouhsin El Mahsi, Lukas Straub, Patrick Rampf, Paul Stocker<\/figcaption><\/figure>\n\n\n\n<p><strong>Training:<\/strong><br><em>Sommer:<\/em><br>Dienstag und Donnerstag von 17:30 \u2013 19:00 Uhr auf dem Sportplatz in Lonsee an der M\u00fchlbachhalle.<\/p>\n\n\n\n<p><em>Winter:<\/em><br>Montag 17:30 \u2013 19:00 Uhr in der Halle in Beimerstetten.<\/p>\n\n\n\n<p><\/p>\n\n\n\n<p><strong>Trainer<\/strong><\/p>\n\n\n\n<div class=\"wp-block-image is-style-rounded\"><figure class=\"alignleft size-large\"><img loading=\"lazy\" width=\"177\" height=\"207\" src=\"http:\/\/fussball.tsv-westerstetten.de\/wp-content\/uploads\/2023\/11\/Spieler-Vorstand-Trainer_mit-Wappen56.jpg\" alt=\"\" class=\"wp-image-765\"\/><figcaption><strong>Tobias Hanschke<\/strong><br><strong>Trainer<\/strong><br>Tel.: 0160\/8656488<\/figcaption><\/figure><\/div>\n\n\n\n<div class=\"wp-block-image is-style-rounded\"><figure class=\"alignleft size-large\"><img loading=\"lazy\" width=\"177\" height=\"207\" src=\"http:\/\/fussball.tsv-westerstetten.de\/wp-content\/uploads\/2023\/11\/Spieler-Vorstand-Trainer_mit-Wappen57-2.jpg\" alt=\"\" class=\"wp-image-768\"\/><figcaption><strong>Mirnes Karaduz<\/strong><br><strong>Co-Trainer<\/strong><br><\/figcaption><\/figure><\/div>\n\n\n\n<div class=\"wp-block-image is-style-rounded\"><figure class=\"alignleft size-large\"><img loading=\"lazy\" width=\"177\" height=\"207\" src=\"http:\/\/fussball.tsv-westerstetten.de\/wp-content\/uploads\/2023\/11\/Spieler-Vorstand-Trainer_mit-Wappen58-1.jpg\" alt=\"\" class=\"wp-image-769\"\/><figcaption><strong>Stephan Rampf<\/strong><br><strong>Betreuer<\/strong><br><\/figcaption><\/figure><\/div>\n","protected":false},"excerpt":{"rendered":"<p>SGM BeWeLo Jahrgang 2011 Training:Sommer:Dienstag und Donnerstag von 17:30 \u2013 19:00 Uhr auf dem Sportplatz in Lonsee an der M\u00fchlbachhalle. Winter:Montag 17:30 \u2013 19:00 Uhr in der Halle in Beimerstetten. Trainer<\/p>\n","protected":false},"author":1,"featured_media":307,"parent":13,"menu_order":0,"comment_status":"closed","ping_status":"closed","template":"","meta":[],"_links":{"self":[{"href":"http:\/\/fussball.tsv-westerstetten.de\/index.php?rest_route=\/wp\/v2\/pages\/651"}],"collection":[{"href":"http:\/\/fussball.tsv-westerstetten.de\/index.php?rest_route=\/wp\/v2\/pages"}],"about":[{"href":"http:\/\/fussball.tsv-westerstetten.de\/index.php?rest_route=\/wp\/v2\/types\/page"}],"author":[{"embeddable":true,"href":"http:\/\/fussball.tsv-westerstetten.de\/index.php?rest_route=\/wp\/v2\/users\/1"}],"replies":[{"embeddable":true,"href":"http:\/\/fussball.tsv-westerstetten.de\/index.php?rest_route=%2Fwp%2Fv2%2Fcomments&post=651"}],"version-history":[{"count":5,"href":"http:\/\/fussball.tsv-westerstetten.de\/index.php?rest_route=\/wp\/v2\/pages\/651\/revisions"}],"predecessor-version":[{"id":819,"href":"http:\/\/fussball.tsv-westerstetten.de\/index.php?rest_route=\/wp\/v2\/pages\/651\/revisions\/819"}],"up":[{"embeddable":true,"href":"http:\/\/fussball.tsv-westerstetten.de\/index.php?rest_route=\/wp\/v2\/pages\/13"}],"wp:featuredmedia":[{"embeddable":true,"href":"http:\/\/fussball.tsv-westerstetten.de\/index.php?rest_route=\/wp\/v2\/media\/307"}],"wp:attachment":[{"href":"http:\/\/fussball.tsv-westerstetten.de\/index.php?rest_route=%2Fwp%2Fv2%2Fmedia&parent=651"}],"curies":[{"name":"wp","href":"https:\/\/api.w.org\/{rel}","templated":true}]}}

<p><strong>SGM BeWeLo</strong></p>



<p>Jahrgang 2011</p>



<figure class="wp-block-image size-large"><img loading="lazy" width="1024" height="768" src="http://fussball.tsv-westerstetten.de/wp-content/uploads/2023/11/D1-Mannschaft-1024x768.jpg" alt="" class="wp-image-763" srcset="http://fussball.tsv-westerstetten.de/wp-content/uploads/2023/11/D1-Mannschaft-1024x768.jpg 1024w, http://fussball.tsv-westerstetten.de/wp-content/uploads/2023/11/D1-Mannschaft-300x225.jpg 300w, http://fussball.tsv-westerstetten.de/wp-content/uploads/2023/11/D1-Mannschaft-768x576.jpg 768w, http://fussball.tsv-westerstetten.de/wp-content/uploads/2023/11/D1-Mannschaft.jpg 1210w" sizes="(max-width: 1024px) 100vw, 1024px" /><figcaption><strong>Spieler:<br></strong>Lukas Meyer, Levin Maier, Linus Bek, Luis Maneew, Furkan Yavuz, Niklas Lisdorf, Nick Apaydin, Arda Köksal, Gökay Öcelik, Paul Hanschke, Simon Vetter, Stefan Bückle, Mailik Tan, Ilay Preising, Mouhsin El Mahsi, Lukas Straub, Patrick Rampf, Paul Stocker</figcaption></figure>



<p><strong>Training:</strong><br><em>Sommer:</em><br>Dienstag und Donnerstag von 17:30 – 19:00 Uhr auf dem Sportplatz in Lonsee an der Mühlbachhalle.</p>



<p><em>Winter:</em><br>Montag 17:30 – 19:00 Uhr in der Halle in Beimerstetten.</p>



<p></p>



<p><strong>Trainer</strong></p>



<div class="wp-block-image is-style-rounded"><figure class="alignleft size-large"><img loading="lazy" width="177" height="207" src="http://fussball.tsv-westerstetten.de/wp-content/uploads/2023/11/Spieler-Vorstand-Trainer_mit-Wappen56.jpg" alt="" class="wp-image-765"/><figcaption><strong>Tobias Hanschke</strong><br><strong>Trainer</strong><br>Tel.: 0160/8656488</figcaption></figure></div>



<div class="wp-block-image is-style-rounded"><figure class="alignleft size-large"><img loading="lazy" width="177" height="207" src="http://fussball.tsv-westerstetten.de/wp-content/uploads/2023/11/Spieler-Vorstand-Trainer_mit-Wappen57-2.jpg" alt="" class="wp-image-768"/><figcaption><strong>Mirnes Karaduz</strong><br><strong>Co-Trainer</strong><br></figcaption></figure></div>



<div class="wp-block-image is-style-rounded"><figure class="alignleft size-large"><img loading="lazy" width="177" height="207" src="http://fussball.tsv-westerstetten.de/wp-content/uploads/2023/11/Spieler-Vorstand-Trainer_mit-Wappen58-1.jpg" alt="" class="wp-image-769"/><figcaption><strong>Stephan Rampf</strong><br><strong>Betreuer</strong><br></figcaption></figure></div>

<p>SGM BeWeLo Jahrgang 2011 Training:Sommer:Dienstag und Donnerstag von 17:30 – 19:00 Uhr auf dem Sportplatz in Lonsee an der Mühlbachhalle. Winter:Montag 17:30 – 19:00 Uhr in der Halle in Beimerstetten. Trainer</p>
